y l(2)?
14
Suppose -3*d + 232 = d. Calculate the remainder when d is divided by 15.
13
Let n = 19 + -15. Let k(p) = -p**3 + 6*p**2 - 2*p - 4. What is the remainder when k(n) is divided by 11?
9
Let s = 68 + -38. Suppose -3*g - g = -3*f - 7, -2*f - g + 10 = 0. Suppose -4*v + v - 5*t + 68 = 0, 0 = -f*t + 12. What is the remainder when s is divided by v?
14
Suppose -5*g + 462 = -4*x, -135 = -g + 2*x - 45. Calculate the remainder when g is divided by 24.
22
Let z = -4 + 3. Let g = 4 - z. Suppose x + 44 = g*x. Calculate the remainder when x is divided by 6.
5
Let n = -99 - -182. What is the remainder when n is divided by 28?
27
Let z(s) = 2*s - 17. Calculate the remainder when 51 is divided by z(22).
24
Let o = 6 - 4. Let d(w) = 2*w**3 - w**o + 9 + 0*w**2 - w**3 - 7*w - 5*w**2. What is the remainder when d(7) is divided by 4?
1
Suppose -s - 5*i + 3 = -0*s, 4*s + i - 69 = 0. Calculate the remainder when s is divided by 5.
3
Let s = 23 + -1. Let t = 10 + -2. What is the remainder when s is divided by t?
6
What is the remainder when 156/((-1 + 2)/1) is divided by 40?
36
Suppose 2*j + 10 = 6. Calculate the remainder when j/(-3)*132 + 0 is divided by 30.
28
Let a(p) = -4*p**3 - p**2 + 1. Let g(n) = n + 1. Let m be g(3). Suppose 4*q + 0 = -m. Calculate the remainder when a(q) is divided by 2.
0
Let w = 10 - 6. Let y = 9 - w. Suppose y = 4*m - 11. Calculate the remainder when 10 is divided by m.
2
Let o(s) = 12*s**3 - 2*s**2 - 2*s + 2. Let j(v) = v**2 + v - 1. Let a(y) = 3*j(y) + o(y). What is the remainder when 49 is divided by a(1)?
10
Let q(z) be the first derivative of z**2/2 - 4*z - 1. Let h be q(8). Let x(f) = f**2 - 2*f - 4. What is the remainder when 10 is divided by x(h)?
2
What is the remainder when 35 is divided by (-32)/(-112) + 164/14?
11
Let q = -15 + 27. Let v = 48 - 22. Suppose 0 = i + 2*a - v, 14 = 5*i - 4*i - 4*a. What is the remainder when i is divided by q?
10
Suppose -4*n + 21 = -n + 5*u, 2*n + 2*u = 10. Suppose -5*y - 5*k + 3*k = -31, 5*y + 4*k - 37 = 0. Calculate the remainder when y is divided by n.
1
Let c be 1/2 + 69/6. Suppose -3*u + 44 = 5*m + 4, -2*u + 4*m + c = 0. What is the remainder when 19 is divided by u?
9
Suppose 5*g - 24 = 3*g. Calculate the remainder when 22 is divided by g.
10
Suppose 2*d - 9 = 17. What is the remainder when d is divided by 5?
3
Suppose 0 = 2*j - 3*o - 32, 2*o = 4*j - 4 - 44. Calculate the remainder when j is divided by 7.
3
Let x(r) = r + 3. Let y = -13 - -6. Let o be x(y). Let q = 6 + o. What is the remainder when 5 is divided by q?
1
Let m(u) = 12*u + 10. Calculate the remainder when m(7) is divided by 24.
22
Suppose 4*k - 2*d + 14 - 74 = 0, 0 = 3*d - 12. What is the remainder when 48 is divided by k?
14
Let s(d) = 2*d**2 - 3*d. Let f be s(2). Suppose 5*o + 5*l = 30, 4*o - 3*l + f = 5*o. Suppose 10 = 11*t - 9*t. Calculate the remainder when o is divided by t.
3
Suppose 8 = -m + 2*m. Suppose -2*u + 22 = -4*s, u = 5*u - 5*s - 41. What is the remainder when m/(-12) - 100/(-6) is divided by u?
7
Calculate the remainder when 65 is divided by -1*(4 - 27)*1.
19
Let b = 0 - 0. Let g = 25 + -16. Let s = g - b. Calculate the remainder when 26 is divided by s.
8
Suppose 5*p - 4 - 26 = 0. Suppose -4*n - p + 2 = 0. Let g = 4 + n. What is the remainder when 5 is divided by g?
2
Let a = -6 + 9. Suppose -a*z + 12 = z. Calculate the remainder when z is divided by 2.
1
What is the remainder when 40 is divided by (42/10)/((-9)/(-45))?
19
Let d = 16 - 40. Let g = d - -26. Suppose 0 = -2*r + 5*y + 35, 4*r - 2*y + y = 25. What is the remainder when r is divided by g?
1
Let k(c) = -6*c - 4. Let r(l) = -l. Let b(p) = -k(p) + 5*r(p). Suppose 5 + 4 = 3*q. Calculate the remainder when b(6) is divided by q.
1
Let c(o) = 2*o - 2. Let g be c(6). What is the remainder when 30 is divided by ((-44)/g)/(6/(-15))?
8
Suppose w + 5 = 8, -w + 219 = -4*f. Let q = 80 + f. Calculate the remainder when q is divided by 14.
12
Let u(t) = 2*t + 9. Let m be u(-6). Let q be (m/4)/(5/(-120)). Calculate the remainder when 43 is divided by (-4)/6*(-405)/q.
13
Let m be (10/(-6) - -1)*-3. Suppose -4*g - 4 = -m*g. Calculate the remainder when 7 - (g - (1 - 0)) is divided by 3.
1
Let v(k) = -k**3 - 7*k**2 - k + 9. Calculate the remainder when 60 is divided by v(-7).
12
Let p(m) = m**2 - 10*m + 13. What is the remainder when 77 is divided by p(10)?
12
Suppose 3*a - 59 = 31. What is the remainder when a is divided by 11?
8
Suppose -9 = -3*i + 2*y + 10, i - 3*y = 11. Suppose -3*v - 5 = 2*v, 71 = 4*w + i*v. Calculate the remainder when w is divided by (-8)/6*30/(-4).
9
Suppose 0 = -g - 0*g - 1. What is the remainder when 78 is divided by (-20)/(g + 2 + -2)?
18
Let g(y) = -2*y**3 - 4*y**2 + y. What is the remainder when g(-4) is divided by 16?
12
Let s(w) = 4*w - 6. Let z be s(4). Suppose -20 - z = -3*r. Suppose -5*a + r*a - 10 = 0. Calculate the remainder when a is divided by 2.
0
Let i(m) = -16*m + 105. Suppose -3*g - 2*g = 0. Suppose -n - 2*n + 51 = g. Calculate the remainder when n is divided by i(6).
8
Let f = 49 - 18. Let o = -10 - -21. Calculate the remainder when f is divided by o.
9
Suppose 2*w + 58 = 5*l, 11*l - 9*l + 4*w - 28 = 0. Calculate the remainder when 31 is divided by l.
7
Let p = 252 + -154. Calculate the remainder when p is divided by 33.
32
Suppose -2*h + h + 60 = 0. Suppose -4*f = f - h. What is the remainder when 45 is divided by f?
9
Let j(l) = l**3 - 6*l**2 + 2*l - 8. Let y be 8/36 - 104/(-18). Calculate the remainder when 15 is divided by j(y).
3
Let a = -21 + 36. Let v be ((-3)/(-6))/((-2)/16). What is the remainder when a is divided by 1/v - (-66)/8?
7
Let i = 6 - -18. Let n(c) = 2*c - 46. Let a(b) = 4*b - 92. Let x(y) = 4*a(y) - 9*n(y). What is the remainder when x(0) is divided by i?
22
Let t(i) = 4*i - 2 + 1 + 5 - 7. Calculate the remainder when 24 is divided by t(3).
6
Suppose m - 6*j + j = -12, -5*m + 60 = 5*j. Calculate the remainder when 35 is divided by m/12 - (-34)/3.
11
Let j = -39 + 50. Calculate the remainder when 74 is divided by j.
8
Let r(m) = -2*m**3 + 17*m**2 + 15*m - 20. What is the remainder when r(9) is divided by 12?
10
Let z = 21 + 118. Calculate the remainder when z is divided by 36.
31
Suppose -r + 3*s + 3 = -25, -3*r - 3*s + 36 = 0. Suppose 0 = -2*w - 2*v + 4 + 4, -w = -2*v - 10. Let x = r - w. Calculate the remainder when 28 is divided by x.
8
What is the remainder when 18 is divided by (-1)/(1/(-8)) - 3?
3
What is the remainder when 27 is divided by -2*17*6/(-12)?
10
Let z = -2 + 3. Let f be (z - -1)*34/4. Suppose 0*x = x - f. What is the remainder when 32 is divided by x?
15
Let y be 2/4*(-5 + 15). Suppose 74 = 5*x - 4*u, -4*u - 9 + 115 = y*x. Suppose 5*r - x = 7. What is the remainder when 8 is divided by r?
3
Calculate the remainder when (-131)/(-3) + 4/12 is divided by 15.
14
Suppose 4*m = 3*m + 10. Let v = m + -3. What is the remainder when v is divided by 2?
1
Suppose 5*o + 0*b + 5*b = 45, -4*o + 5*b = -63. Suppose -2*w + 16 + o = 0. Calculate the remainder when 40 is divided by w.
12
Let f(o) = 145*o - 6. Calculate the remainder when f(1) is divided by 47.
45
Suppose -2*t = l + 2*l - 24, 0 = l - 2*t. Suppose -22 + 0 = -h. Calculate the remainder when h is divided by l.
4
Suppose 0*a - 5*a = -135. Let j = a - 11. Calculate the remainder when j is divided by 6.
4
Suppose 18 = 2*y + y. Let d(v) = 2*v - 2. Let i be d(2). What is the remainder when (2/i)/((-5)/(-55)) is divided by y?
5
Suppose 65 = -a - 4*a. Let d = 0 - a. Calculate the remainder when d is divided by 4.
1
Let b = -7 - -6. Let r = -3 - b. Calculate the remainder when 46 is divided by (r - -5) + 0 - -9.
10
Let f = 8 - 4. Let v(k) = k**2 + 2*k - 1. What is the remainder when f is divided by v(-3)?
0
Let m = -22 - -23. What is the remainder when (6/(-5))/((-4)/10) is divided by m?
0
Suppose 4*k = 2*t - 3*t + 45, -5*t + 5*k = -175. Calculate the remainder when t is divided by 11.
4
Suppose -5*m = -11 - 19. Let k(f) = 4 + 3 + 1 - m - 2*f + 6*f**2. What is the remainder when k(3) is divided by 13?
11
What is the remainder when (1 + 0)*26/2 is divided by ((-24)/9)/(4/(-12))?
5
What is the remainder when 55 is divided by ((-42)/(-35))/((-6)/(-100))?
15
Suppose 12 = -2*m + 3*m. What is the remainder when 47 is divided by m?
11
Let p = 